)?
3
Let k(r) be the third derivative of -1/12*r**5 + 1/120*r**6 - 7*r**2 + r**3 - 1/24*r**4 + 0*r + 0. Calculate k(5).
1
Let a(g) = -g**2 - 8*g - 3. Suppose 0 = 2*d - 0*d - 2*o - 10, -3*d + 5*o = -21. Let r be 2 + 4/d - 11. Calculate a(r).
4
Let t(d) be the third derivative of -d**5/60 - d**4/8 + 5*d**3/6 - 4*d**2. Calculate t(-4).
1
Let j be (-12)/3 + 15/3. Let d(z) = -z. Let v(u) = 1. Let p(n) = j*d(n) - 5*v(n). Determine p(4).
-9
Let v(c) = c**2 + 7*c + 6. Suppose 2 = f + 5*i, -4*f + 3*i + 30 = -2*f. Suppose 0 = 5*o + 13 + f. Give v(o).
-4
Let n = -21 + 29. Let y(x) = 2*x - 14. Let g be y(n). Let r(v) = 2*v - 3. What is r(g)?
1
Let w(j) = -j**3 - 5*j + 1 + 3*j + 2*j**2 + 0*j. Suppose -s = -x - 1, -x - 1 + 2 = 0. Let v be w(s). Let n(l) = l**2 - 3. What is n(v)?
6
Let s(u) be the third derivative of u**6/120 - u**5/6 - u**4/2 + u**3/2 + 18*u**2. Give s(11).
-8
Suppose 4*r - 28 = -3*n + 4*n, r - 5 = 0. Let w(k) = 2*k + 10. Let g be w(n). Let v(m) = m**2 + 5*m. Let p be v(g). Let b(l) = -l + 3. Determine b(p).
-3
Let y be (1/3)/(1/111). Suppose 0 = 4*v - y - 43. Suppose 2*h + 10 = -3*h + 3*o, 0 = -h - 3*o - v. Let p(z) = z + 2. Calculate p(h).
-3
Let l(f) be the third derivative of f**5/60 - f**4/4 - f**3/2 - f**2. Determine l(6).
-3
Let w = -1 - -4. Let m(h) = -4 - 4*h + w + 3*h. Determine m(-5).
4
Let q(f) = f**3 + 5*f**2 + 4*f + 2. Let m be q(-4). Let c(v) = -1 - 10*v - v**2 + 3 + 10*v. Give c(m).
-2
Let q be ((-5)/(-15))/((-2)/(-36)). Let l(v) = v**2 - 6*v + 9. Calculate l(q).
9
Let k(c) be the second derivative of c**5/20 + c**4/6 - c**3/2 - 3*c**2/2 + 27*c. Give k(-2).
3
Let i(p) be the second derivative of p**3/6 + 7*p**2/2 - 9*p. What is i(5)?
12
Let t = -4 - -4. Let v(b) = t + 2 - 1 + 5*b**2 + 0. Give v(-1).
6
Let i(f) be the first derivative of f**2/2 - 10*f + 5. Determine i(8).
-2
Let z(k) = -2*k**2 + 6*k - 4*k - k**2 + 3 + 0*k**2. Let h(r) = 3*r**2 - r - 2. Let s(c) = -3*h(c) - 2*z(c). Determine s(1).
-4
Suppose -b + 0 - 6 = 0. Let y(d) = -2*d - 1. Let t be y(-2). Let n(m) = t + m**2 + 6*m - 2*m - 9. What is n(b)?
6
Let j(w) be the third derivative of -2*w**2 + 0 + 1/24*w**4 + 0*w - 1/2*w**3. Let s be (8/10)/(1/5). What is j(s)?
1
Let d be -7 + (1 + 1)*1. Let q(g) = -g**2 - 3*g + 2. Determine q(d).
-8
Let c(y) be the first derivative of -y**3/3 + 5*y**2/2 + 4*y - 3. Determine c(6).
-2
Let h(u) = 8*u + 10. Let m(c) = c + 1. Let s(y) = h(y) - 5*m(y). Give s(6).
23
Let w(t) = 3*t - 3. Let n(q) = -q**2 - 7*q - 7. Let g be n(-5). Give w(g).
6
Let m(i) = -i + 4. Let z be (0 - 0/(-1))/(-1). Let t be m(z). Let p(q) = -q**3 - 4*q**2 + 6*q - q**2 - 5 + 2*q**3. Give p(t).
3
Let p(r) be the first derivative of 2*r**2 + r - 27. What is p(-3)?
-11
Let m(d) = -2 + 13*d + 1 - 5*d. Suppose 2*f + 3*k - 2 = 2*k, 4*f - 2*k + 12 = 0. Give m(f).
-9
Let j(a) = -a**3 - 5*a**2 - 3*a + 1. Let h(v) = v**3 - 3*v**2 - v - 4. Let g be h(3). Let w(o) = -o**3 - 8*o**2 - 7*o - 4. Let k be w(g). What is j(k)?
-3
Let j(z) = -3*z. Let u be 1*6 - (5 + -7). Let g = u - 7. Suppose -4*f - 2*h = -f - g, -4*h - 4 = 0. Determine j(f).
-3
Let b(i) be the second derivative of i**4/12 - 2*i**3/3 - i**2/2 - 2*i. Suppose 2*t = 4*t. Suppose o + t*o - 3*v = 3, 0 = o + 3*v - 3. Calculate b(o).
-4
Let j(y) = 27*y**2 - 48*y**2 + 3 + 20*y**2. Give j(0).
3
Suppose 0*n + 21 = -7*n. Let p(j) = 2*j**2 + 3*j - 2. What is p(n)?
7
Let s(v) be the second derivative of v**4/12 - 7*v**3/6 - v**2 + 2*v. Let b be 5*(-3 + 1 - -3). What is s(b)?
-12
Let b be -3*3*(-4)/18. Let z(g) be the second derivative of -g**5/20 + g**4/12 - g**2/2 - 7*g. Determine z(b).
-5
Let r(p) = -3*p**2 + 2*p. Suppose 0 = -x - 4*x. Suppose x = l + 4 - 6. Calculate r(l).
-8
Let o(b) be the first derivative of 3*b**2/2 + 3*b - 19. Determine o(-4).
-9
Suppose -d - 8 = -2. Let q be d/9*6 - -1. Let s(n) = -4*n**2 + 3*n. Let w(m) = m**3 - m**2 + m. Let l(h) = s(h) - w(h). What is l(q)?
-6
Let t(h) = h**2 - 10*h + 6. Let w be t(9). Let c = w + 1. Let m(q) = 3*q**2 + q - 2. Give m(c).
8
Let r = -10 + 14. Let c(m) = -2*m + 5. Determine c(r).
-3
Let w = 6 + -3. Suppose -w*z + 4*z = 2. Let m(u) = u**2 - 5*u + 3. Give m(z).
-3
Let f(p) = p - 8. Suppose 2*i = 4*x - 292, i + 4 = 8. Let z = -51 + x. Suppose 4*d = -4*q + 24, 4*d - q = 2*q + z. What is f(d)?
-2
Let z be ((-4)/(-6))/(8/(-36)). Let j(v) = -v + 4. Give j(z).
7
Let u(n) = 3 - 80*n**2 - 76*n**2 + 155*n**2 - 7*n. Determine u(-8).
-5
Let o(w) = -w**2 + 5*w + 1. Let z(f) = -f**2 - 15*f + 22. Let a be z(-16). What is o(a)?
-5
Let x(v) = v**3 - 6*v**2 + 4*v + 7. Let n(j) = -5*j. Let d be n(-1). Let m be x(d). Let f(u) = 3 + 5*u**2 - 1 - 6*u**m - 3*u. What is f(-2)?
4
Let f(a) = 2*a**2 - 3*a - 5. Let z(l) = l**2 - l. Let h(w) = -f(w) + 3*z(w). Give h(0).
5
Let b(o) be the third derivative of -1/6*o**3 + 0*o - 1/6*o**4 + o**2 + 0. Determine b(1).
-5
Let j(i) = i**3 - 10*i**2 + 3. Let m be j(10). Let g(x) = 2*x - 2. What is g(m)?
4
Let j(y) = -3 - 2*y**2 - 5*y + 1 + 3*y**2. Suppose u = -11 + 17. What is j(u)?
4
Let h(k) = k**3 + 2*k**2 - 2*k + 1. Let a be h(-3). Let r(z) = -8*z**2 + 2*z - 6. Let u(j) = 7*j**2 - j + 5. Let c(t) = -4*r(t) - 5*u(t). Give c(a).
-7
Suppose 3*u + 5 = -7. Let d be u*((-3)/(-12) - 1). Let j(t) = -t**3 + 4*t**2 - 3*t + 2. Determine j(d).
2
Suppose 2*q = -2*t + 22 - 6, -25 = -2*t - 5*q. Let i = -2 - t. Let j(s) = s**3 + 8*s**2 + 6*s - 8. Let u be j(i). Let o(y) = 7*y**3 - 2*y - 1. Give o(u).
-6
Suppose -t - 12 = 5*w, -4*w - 2*t = -0*t + 12. Let m(s) = -4*s**2 + s. Give m(w).
-18
Let b(o) be the first derivative of o**4/4 - o**3 + o**2 - 3*o - 13. Determine b(3).
3
Let y(c) = c**2 - 9*c + 9. Let x be (-5)/(25/5)*-8. Give y(x).
1
Let r(m) = 3*m**2 + 9*m. Let b(a) = -2*a**2 + 12*a - 1. Let y(l) = l**2 - l. Let c(t) = -b(t) - 4*y(t). Let d(p) = -4*c(p) - 3*r(p). Calculate d(3).
2
Let k(c) = -3*c**2 - 6*c + 3. Let i(w) = -4*w**2 - 6*w + 4. Let l(t) = -2*i(t) + 3*k(t). Let s be l(-6). Let g(d) = 3*d. What is g(s)?
3
Let j = -3 - -4. Let o(g) = -g**2 - 4*g - 1. Let r be o(-4). Let p be r + 9/3 - j. Let c(l) = -l**3 - l**2 + 1. What is c(p)?
-1
Let a(h) = 153 - 33 + h**2 - 42 - 31 - 40. Let k(d) = -d + 3. Let n be k(4). Let x = 1 + n. What is a(x)?
7
Let u(i) = i. Let p = -21 + 22. Determine u(p).
1
Let w be (-2)/11 + (-544)/(-88). Let b(v) = -v**2 + 8*v - 6. Determine b(w).
6
Let s(m) = 4*m + 5. Let k(u) = 23*u + 17. Let g(t) = 35*t + 25. Let j(x) = 5*g(x) - 8*k(x). Let w(p) = -6*j(p) - 13*s(p). What is w(-4)?
-7
Let f(n) be the third derivative of -n**4/24 - n**3/6 - 6*n**2. Let w = 0 + 2. Calculate f(w).
-3
Let q(j) = j**2 - 3*j + 1. Let n = 0 + 4. What is q(n)?
5
Suppose 4*r = r. Suppose 4*m + r*m = 8. Let s(u) = 5*u - u**2 - m*u + 0*u - 1. Give s(4).
-5
Let f(h) = -h**3 - 2*h**2 + 3*h - 4. Let x be f(-3). Let c(r) = -r + 1. What is c(x)?
5
Let z(d) = d**2 + 6*d + 2. Suppose -2*a = -4*f + 8 + 10, 2*a - 22 = -4*f. Suppose 0 = -5*s, -5*s + 0*s - 15 = -f*w. Suppose 3 = -i - w. Calculate z(i).
2
Let k be ((-8)/10)/((-1)/5). Let n = -7 + k. Let z(g) = 2*g**2 - 3*g + 0*g**2 + g**3 + 0*g**3. Determine z(n).
0
Let f(w) = w**3 + 6*w**2 + 4*w + 1 - 3*w**2 - 9*w**2. What is f(4)?
-15
Let n(x) = -x**2 - x - 1. Let z be n(0). Let g(p) = p**3 + 3*p**2 - 1. Give g(z).
1
Let c(m) be the first derivative of -m**3/6 + m**2/2 - 3*m - 1. Let k(v) be the first derivative of c(v). What is k(4)?
-3
Let z(l) be the second derivative of l**4/12 + 5*l**3/3 + l**2/2 + 38*l. Determine z(-4).
-23
Let t(z) = -2*z - 1 + 1 + 2. Let h(k) = 10*k + 114. Let b be h(-12). Determine t(b).
14
Let l(q) = -q**2 + 7*q + 6. Let m(h) = -h**2 - 19*h - 42. Let z be m(-16). Give l(z).
12
Let k(v) = v**2 + 2*v + 4. Let a = 1 + -4. Determine k(a).
7
Let u(a) = a - 1. Let c(s) = s**2 + 4*s + 4. Let m(n) = -c(n) - 2*u(n). Give m(-6).
-2
Let z(q) = -q - 9. Suppose 0*t = -2*t. Suppose t = -0*s + s. Determine z(s).
-9
Let j(l) be the first derivative of -7*l**2/2 - 13*l + 3. Let d(c) = -4*c - 7. Let g(w) = 11*d(w) - 6*j(w). Give g(3).
-5
Suppose 0 = -n - 9 + 3. Let t = n - -8. Let r(c) = -2*c**t - 5*c + 2*c + c - 2. What is r(-2)?
-6
Let w(q) = -q + 4. Let k(m) = m - 3. Let z(l) = -4*k(l) - 3*w(l). Let o = 7 - 12. What is z(o)?
5
Suppose -3*b = 2*b - 20. Let u(x) = 2*x + 3 + 0*x - 2. What is u(b)?
9
Suppose -2*y